 remainder when u is divided by h?
10
Let g(c) = c + 0*c - 2*c. What is the remainder when 5 is divided by g(-3)?
2
Let y(a) = a + 17. Let k(d) = d**2 - d. Let x be k(0). What is the remainder when y(x) is divided by 9?
8
Suppose 2*n = -2*s + 30, -s = 3*n - 5*n + 24. Calculate the remainder when 245 is divided by n.
11
Suppose 0*o + 1 = o. Let r(x) = 3*x - 1 - x + 0 - o. What is the remainder when 4 is divided by r(2)?
0
Suppose 0*z + 1518 = 3*z + 3*j, -1518 = -3*z + j. What is the remainder when (z/(-33))/(1/(-3)) is divided by 12?
10
Let q = 26 - -13. What is the remainder when q is divided by 14?
11
Let r = 5 + 19. Calculate the remainder when 45 is divided by r.
21
Let s = 46 - 5. Calculate the remainder when s is divided by 14.
13
Suppose 0 = -2*d + d + 4. Calculate the remainder when 12 is divided by d.
0
Suppose 6 = 2*f - f. Suppose 0 = x - 5, 0 = 2*y + 3*y - 5*x - 60. Calculate the remainder when f/3 + (-30)/(-1) is divided by y.
15
Let z = 80 - 66. Calculate the remainder when 79 is divided by z.
9
Let p = -5 + 22. Calculate the remainder when 233/7 + 2/(-7) is divided by p.
16
Suppose -2*h - 3*x + 21 = -7, h = -2*x + 14. Let l(i) = -i**3 - 11*i**2 + 2. Let s be l(-11). What is the remainder when (-2)/((-4)/s)*41 is divided by h?
13
Let j = 59 - 40. Calculate the remainder when 55 is divided by j.
17
Let z(c) = -c + 17. What is the remainder when 84 is divided by z(-5)?
18
Suppose h + 2*h = m + 1, 4*h - 5*m = -17. Suppose 12 = -4*z - h*f - 8, -22 = 2*z + 4*f. What is the remainder when 16 is divided by 10 + ((-3)/z - 2)?
7
Let u = -1 - -4. Suppose v - 66 = -4*l, -u*v = -v - l - 87. Suppose b = 3*f + v, b - 49 = -4*f - 10. Calculate the remainder when b is divided by 15.
13
Let r = 49 + 5. Suppose 5*i - 71 = -4*m, -2*m - 3*m - 2*i + 76 = 0. What is the remainder when r is divided by m?
12
Let r = 222 + -151. Let z(g) = 6*g**2 + g + 2. What is the remainder when r is divided by z(-2)?
23
Calculate the remainder when 2/(-3) + 160/24 is divided by 3.
0
Suppose 0 = 3*q + s - 11, -35 = -2*q - q + 5*s. Suppose 3*h = -2*h - q*a + 115, -2*a - 87 = -5*h. Calculate the remainder when 55 is divided by h.
17
Suppose c = -3*t + 198, 3*c = 5*t + 8*c - 330. Calculate the remainder when t is divided by 17.
15
Suppose b - 5*w = -3*b + 43, -b = 3*w + 2. Let c(r) = 21*r**2 - r. Calculate the remainder when c(1) is divided by b.
6
Suppose -2*q - 4*q + 60 = 0. Calculate the remainder when q is divided by 9.
1
Let k(s) = 2*s + 20. Calculate the remainder when 54 is divided by k(0).
14
Let p = 61 - 15. Let s = 119 + -95. What is the remainder when p is divided by s?
22
Let f(c) = 19*c**2 + 2*c - 1. Let x be f(1). Suppose 3*g = -g - 44. Let p = g + x. What is the remainder when 17 is divided by p?
8
What is the remainder when 74 is divided by ((-76)/10)/((-8)/20)?
17
Let k(q) = -3*q**3 - 3*q**2 - 3*q. Suppose 210 = -8*u + 14*u. What is the remainder when u is divided by k(-2)?
17
Suppose 0 = -u + 4*u - 3. Suppose 0 = 4*f + u - 133. What is the remainder when 16 is divided by (-21)/(-28) + f/4?
7
Suppose -7*v + 180 = -3*v. Suppose -5*z + 2*m = 20, 4*z + 3*m - 4*m = -13. Calculate the remainder when v is divided by ((-4)/10)/(z/80).
13
Calculate the remainder when 22 is divided by 1 + (-2 - -17 - 4).
10
Suppose -4*l = 12, 3*l = 2*g - 10 - 5. Let q be 3*2/g - -35. What is the remainder when 0 + q + 2 + -1 is divided by 20?
18
Let g(f) = 2*f**2 + 9*f + 13. Let k(y) = 1. Let t(r) = g(r) - 6*k(r). What is the remainder when t(-6) is divided by (-29)/(-2) + 3/(-2)?
12
Let c = 5 - 1. Suppose -c*n + 23 = -17. Calculate the remainder when 18 is divided by n.
8
Let x(j) = -7*j**3 + j**2 + j + 1. Suppose 13 = -4*u + f + 115, 4*u = -f + 98. Let s = 47 - u. Calculate the remainder when s is divided by x(-1).
6
Suppose 0 = 2*q - 0*q. Suppose q = -3*i + 3 + 12. Suppose 58 = 2*j + i*l, 5*j + 0*l - l = 91. What is the remainder when j is divided by 10?
9
Calculate the remainder when 1 + (2 - -55 - 4) is divided by 14.
12
Let k = -9 - -34. Calculate the remainder when k is divided by 7.
4
Suppose 3*n - 13 = 2*n. Calculate the remainder when n is divided by 7.
6
Let f(h) = 13*h + 1. Calculate the remainder when f(2) is divided by 15.
12
Let k(v) = v**3 - 3*v**2 + 4. Suppose -2*s = -0*s - 4. What is the remainder when k(3) is divided by s?
0
Suppose -4*m + 9 + 11 = 0. Suppose 71 = m*p - 3*z, -z = -2*z - 2. Calculate the remainder when 36 is divided by p.
10
Suppose -3*c + c = -40. Calculate the remainder when c is divided by (-4)/(-3) + (-17)/(-3).
6
Suppose 2*p + 2 = 14. Calculate the remainder when 23 is divided by p.
5
Suppose 167 = 4*g - h - 152, g + h - 81 = 0. Calculate the remainder when g is divided by 14.
10
Suppose -3*d + 4*d = 2*c - 85, -120 = -3*c - d. Let a(w) = 12*w**2 + w. Calculate the remainder when c is divided by a(-1).
8
Let o(x) = x + 8. What is the remainder when o(-4) is divided by 3?
1
Let h = -35 - -38. Calculate the remainder when 4 is divided by h.
1
Suppose -4*a = -29 + 9. Suppose -a*m = 5, -4*f + 66 = 2*m - 240. Calculate the remainder when f is divided by 20.
17
Calculate the remainder when -4 + 3 + -4 - -4 - -23 is divided by 13.
9
Suppose 2*s = -z - 1, 7*s - 2*z = 4*s - 19. Let w(p) = p**2 + 2*p - 4. Let v be w(s). Calculate the remainder when 14 is divided by (5/(-4))/(v/4).
4
Suppose 5*o - 3*f = 117, -o - 3*o + 5*f = -104. Calculate the remainder when o is divided by 8.
5
Suppose 0 = -h + 18 - 2. Calculate the remainder when h is divided by 6.
4
Let g = 4 - 4. Suppose g = 4*k - 117 + 25. Calculate the remainder when k is divided by 8.
7
Suppose 13 = 3*n + 4*m - 32, 2*n - 5*m - 53 = 0. What is the remainder when 56 is divided by n?
18
Let d(v) = -v**2 - 11*v + 2. What is the remainder when 5 is divided by d(-11)?
1
Suppose -10 = -3*q + 6*q + a, a = 5*q + 14. Calculate the remainder when (q + 2)*(-82 - 5) is divided by 22.
21
Let t = 6 + 4. Calculate the remainder when 29 is divided by t.
9
Calculate the remainder when (-2)/(-4)*6*9*1 is divided by 10.
7
Calculate the remainder when (-6)/4*4*(-3540)/90 is divided by 7.
5
Let a = -28 + 45. Calculate the remainder when 33 is divided by a.
16
Suppose 0*z - 15 = -3*z. Suppose -30 = -z*x + 95. What is the remainder when x is divided by 13?
12
Let i = -3 + 5. What is the remainder when ((-186)/6)/(1 - i) is divided by 8?
7
Calculate the remainder when 10 is divided by (1/3)/((-7)/(-126)).
4
Let r(l) = 2*l + 7. Let o be r(-5). Let k be (5/(-2) - o)*12. What is the remainder when (-174)/(-15) - k/(-15) is divided by 7?
5
Let z(v) = -v**3 + 5*v**2 + 6*v - 7. Let o be z(6). Let x(f) = -4*f - 5. Calculate the remainder when x(o) is divided by 12.
11
Let b be 14/6*(32 - 5). Suppose -3*f - 2*o + b + 5 = 0, 0 = -4*f + 5*o + 129. Calculate the remainder when f is divided by 14.
12
Let g = 4 - -1. Suppose -3*m + g = -1. Calculate the remainder when (-1)/(-7) - 26/(-14) is divided by m.
0
Let n(j) be the second derivative of j**4/3 - j**3/3 + 2*j**2 - 4*j. Let w(y) = y**3 + 5*y**2 - 9*y - 6. What is the remainder when n(-3) is divided by w(-6)?
10
Let s(h) = -h**3 - 2. Let j = -20 + 18. Calculate the remainder when 13 is divided by s(j).
1
Let b(h) = h**2 + 15*h - 5. What is the remainder when b(-18) is divided by 25?
24
Suppose 3 = -z - 2, -5*z = -j + 32. Calculate the remainder when 41 is divided by j.
6
Let a(j) = j**2 + 3*j - 8. Let m = -3 - -21. What is the remainder when m is divided by a(-6)?
8
Let x(d) = d**2 + d + 124. What is the remainder when x(0) is divided by 64?
60
Let z = -3 + 22. What is the remainder when (-1)/4 + (-290)/(-8) is divided by z?
17
Suppose 11*z - 246 = -26. What is the remainder when 34 is divided by z?
14
Suppose u = -4*n - 13, 3*u + 0*u - 6 = -3*n. Calculate the remainder when 27 is divided by u.
6
Let h(m) = -94*m + 1. Let o be h(-1). Suppose -d - 3*d + i = -o, -3*i = 9. What is the remainder when d is divided by 42/5 + (-6)/15?
7
Suppose 2*z + 8 = -b, -b + 2*z + 12 = 4. Suppose 3*v = 2*q - 3, b = q - 0*v + 2*v - 5. Calculate the remainder when 4/q*3/2 is divided by 1.
0
Let r(d) = -d**3 - 5*d**2 + 11*d + 6. Calculate the remainder when 106 is divided by r(-7).
25
Let j(m) = m - 7. Let g be j(6). Calculate the remainder when 11 is divided by -5*(g + (-2)/10).
5
Let l(h) be th